{"id":30,"date":"2015-06-11T18:59:23","date_gmt":"2015-06-11T18:59:23","guid":{"rendered":"http:\/\/le-cyclo.de\/?page_id=30"},"modified":"2015-10-20T20:30:45","modified_gmt":"2015-10-20T20:30:45","slug":"speisekarte","status":"publish","type":"page","link":"http:\/\/le-cyclo.de\/?page_id=30","title":{"rendered":"Unser Restaurant"},"content":{"rendered":"<p>In unsrem\u00a0Lokal im Herzen der Speyrer Innenstadt, unweit der Fu\u00dfg\u00e4ngerzone, k\u00f6nnen Sie in gem\u00fctlicher Atmosph\u00e4re\u00a0neben\u00a0Jubil\u00e4en auch Familien- oder Firmenfeiern ausrichten. Dazu bieten wir Ihnen 50 Sitzpl\u00e4tze.<\/p>\n<p>Gerne organisieren wir auch ein Catering f\u00fcr Ihre Festveranstaltung.<\/p>\n<p><a href=\"http:\/\/le-cyclo.de\/wp-content\/uploads\/2015\/07\/Le_Cyclo_Restaurant_06.jpg\"><img decoding=\"async\" loading=\"lazy\" class=\"alignnone size-full wp-image-158\" src=\"http:\/\/le-cyclo.de\/wp-content\/uploads\/2015\/07\/Le_Cyclo_Restaurant_06.jpg\" alt=\"Le_Cyclo_Restaurant_06\" width=\"1200\" height=\"800\" srcset=\"http:\/\/le-cyclo.de\/wp-content\/uploads\/2015\/07\/Le_Cyclo_Restaurant_06.jpg 1200w, http:\/\/le-cyclo.de\/wp-content\/uploads\/2015\/07\/Le_Cyclo_Restaurant_06-632x421.jpg 632w, http:\/\/le-cyclo.de\/wp-content\/uploads\/2015\/07\/Le_Cyclo_Restaurant_06-1020x680.jpg 1020w\" sizes=\"(max-width: 1200px) 100vw, 1200px\" \/><\/a><a href=\"http:\/\/le-cyclo.de\/wp-content\/uploads\/2015\/04\/test.jpg\"><img decoding=\"async\" loading=\"lazy\" class=\"alignnone size-full wp-image-142\" src=\"http:\/\/le-cyclo.de\/wp-content\/uploads\/2015\/04\/test.jpg\" alt=\"test\" width=\"2500\" height=\"1667\" srcset=\"http:\/\/le-cyclo.de\/wp-content\/uploads\/2015\/04\/test.jpg 2500w, http:\/\/le-cyclo.de\/wp-content\/uploads\/2015\/04\/test-632x421.jpg 632w, http:\/\/le-cyclo.de\/wp-content\/uploads\/2015\/04\/test-1020x680.jpg 1020w\" sizes=\"(max-width: 2500px) 100vw, 2500px\" \/><\/a><a href=\"http:\/\/le-cyclo.de\/wp-content\/uploads\/2015\/04\/Le_Cyclo_Restaurant_04.jpg\"><img decoding=\"async\" loading=\"lazy\" class=\"alignnone size-full wp-image-139\" src=\"http:\/\/le-cyclo.de\/wp-content\/uploads\/2015\/04\/Le_Cyclo_Restaurant_04.jpg\" alt=\"Le_Cyclo_Restaurant_04\" width=\"1200\" height=\"800\" srcset=\"http:\/\/le-cyclo.de\/wp-content\/uploads\/2015\/04\/Le_Cyclo_Restaurant_04.jpg 1200w, http:\/\/le-cyclo.de\/wp-content\/uploads\/2015\/04\/Le_Cyclo_Restaurant_04-632x421.jpg 632w, http:\/\/le-cyclo.de\/wp-content\/uploads\/2015\/04\/Le_Cyclo_Restaurant_04-1020x680.jpg 1020w\" sizes=\"(max-width: 1200px) 100vw, 1200px\" \/><\/a><a href=\"http:\/\/le-cyclo.de\/wp-content\/uploads\/2015\/04\/Le_Cyclo_Restaurant_03.jpg\"><img decoding=\"async\" loading=\"lazy\" class=\"alignnone size-full wp-image-138\" src=\"http:\/\/le-cyclo.de\/wp-content\/uploads\/2015\/04\/Le_Cyclo_Restaurant_03.jpg\" alt=\"Le_Cyclo_Restaurant_03\" width=\"1200\" height=\"800\" srcset=\"http:\/\/le-cyclo.de\/wp-content\/uploads\/2015\/04\/Le_Cyclo_Restaurant_03.jpg 1200w, http:\/\/le-cyclo.de\/wp-content\/uploads\/2015\/04\/Le_Cyclo_Restaurant_03-632x421.jpg 632w, http:\/\/le-cyclo.de\/wp-content\/uploads\/2015\/04\/Le_Cyclo_Restaurant_03-1020x680.jpg 1020w\" sizes=\"(max-width: 1200px) 100vw, 1200px\" \/><\/a><\/p>\n","protected":false},"excerpt":{"rendered":"<p>In unsrem\u00a0Lokal im Herzen der Speyrer Innenstadt, unweit der Fu\u00dfg\u00e4ngerzone, k\u00f6nnen Sie in gem\u00fctlicher Atmosph\u00e4re\u00a0neben\u00a0Jubil\u00e4en auch Familien- oder Firmenfeiern ausrichten. Dazu bieten wir Ihnen 50 Sitzpl\u00e4tze. Gerne organisieren wir auch ein Catering f\u00fcr Ihre Festveranstaltung.<\/p>\n","protected":false},"author":1,"featured_media":0,"parent":0,"menu_order":0,"comment_status":"open","ping_status":"open","template":"template_parts\/page-fullwidth_template.php","meta":{"footnotes":""},"_links":{"self":[{"href":"http:\/\/le-cyclo.de\/index.php?rest_route=\/wp\/v2\/pages\/30"}],"collection":[{"href":"http:\/\/le-cyclo.de\/index.php?rest_route=\/wp\/v2\/pages"}],"about":[{"href":"http:\/\/le-cyclo.de\/index.php?rest_route=\/wp\/v2\/types\/page"}],"author":[{"embeddable":true,"href":"http:\/\/le-cyclo.de\/index.php?rest_route=\/wp\/v2\/users\/1"}],"replies":[{"embeddable":true,"href":"http:\/\/le-cyclo.de\/index.php?rest_route=%2Fwp%2Fv2%2Fcomments&post=30"}],"version-history":[{"count":72,"href":"http:\/\/le-cyclo.de\/index.php?rest_route=\/wp\/v2\/pages\/30\/revisions"}],"predecessor-version":[{"id":240,"href":"http:\/\/le-cyclo.de\/index.php?rest_route=\/wp\/v2\/pages\/30\/revisions\/240"}],"wp:attachment":[{"href":"http:\/\/le-cyclo.de\/index.php?rest_route=%2Fwp%2Fv2%2Fmedia&parent=30"}],"curies":[{"name":"wp","href":"https:\/\/api.w.org\/{rel}","templated":true}]}}

<p>In unsrem Lokal im Herzen der Speyrer Innenstadt, unweit der Fußgängerzone, können Sie in gemütlicher Atmosphäre neben Jubiläen auch Familien- oder Firmenfeiern ausrichten. Dazu bieten wir Ihnen 50 Sitzplätze.</p>
<p>Gerne organisieren wir auch ein Catering für Ihre Festveranstaltung.</p>
<p><a href="http://le-cyclo.de/wp-content/uploads/2015/07/Le_Cyclo_Restaurant_06.jpg"><img decoding="async" loading="lazy" class="alignnone size-full wp-image-158" src="http://le-cyclo.de/wp-content/uploads/2015/07/Le_Cyclo_Restaurant_06.jpg" alt="Le_Cyclo_Restaurant_06" width="1200" height="800" srcset="http://le-cyclo.de/wp-content/uploads/2015/07/Le_Cyclo_Restaurant_06.jpg 1200w, http://le-cyclo.de/wp-content/uploads/2015/07/Le_Cyclo_Restaurant_06-632x421.jpg 632w, http://le-cyclo.de/wp-content/uploads/2015/07/Le_Cyclo_Restaurant_06-1020x680.jpg 1020w" sizes="(max-width: 1200px) 100vw, 1200px" /></a><a href="http://le-cyclo.de/wp-content/uploads/2015/04/test.jpg"><img decoding="async" loading="lazy" class="alignnone size-full wp-image-142" src="http://le-cyclo.de/wp-content/uploads/2015/04/test.jpg" alt="test" width="2500" height="1667" srcset="http://le-cyclo.de/wp-content/uploads/2015/04/test.jpg 2500w, http://le-cyclo.de/wp-content/uploads/2015/04/test-632x421.jpg 632w, http://le-cyclo.de/wp-content/uploads/2015/04/test-1020x680.jpg 1020w" sizes="(max-width: 2500px) 100vw, 2500px" /></a><a href="http://le-cyclo.de/wp-content/uploads/2015/04/Le_Cyclo_Restaurant_04.jpg"><img decoding="async" loading="lazy" class="alignnone size-full wp-image-139" src="http://le-cyclo.de/wp-content/uploads/2015/04/Le_Cyclo_Restaurant_04.jpg" alt="Le_Cyclo_Restaurant_04" width="1200" height="800" srcset="http://le-cyclo.de/wp-content/uploads/2015/04/Le_Cyclo_Restaurant_04.jpg 1200w, http://le-cyclo.de/wp-content/uploads/2015/04/Le_Cyclo_Restaurant_04-632x421.jpg 632w, http://le-cyclo.de/wp-content/uploads/2015/04/Le_Cyclo_Restaurant_04-1020x680.jpg 1020w" sizes="(max-width: 1200px) 100vw, 1200px" /></a><a href="http://le-cyclo.de/wp-content/uploads/2015/04/Le_Cyclo_Restaurant_03.jpg"><img decoding="async" loading="lazy" class="alignnone size-full wp-image-138" src="http://le-cyclo.de/wp-content/uploads/2015/04/Le_Cyclo_Restaurant_03.jpg" alt="Le_Cyclo_Restaurant_03" width="1200" height="800" srcset="http://le-cyclo.de/wp-content/uploads/2015/04/Le_Cyclo_Restaurant_03.jpg 1200w, http://le-cyclo.de/wp-content/uploads/2015/04/Le_Cyclo_Restaurant_03-632x421.jpg 632w, http://le-cyclo.de/wp-content/uploads/2015/04/Le_Cyclo_Restaurant_03-1020x680.jpg 1020w" sizes="(max-width: 1200px) 100vw, 1200px" /></a></p>

<p>In unsrem Lokal im Herzen der Speyrer Innenstadt, unweit der Fußgängerzone, können Sie in gemütlicher Atmosphäre neben Jubiläen auch Familien- oder Firmenfeiern ausrichten. Dazu bieten wir Ihnen 50 Sitzplätze. Gerne organisieren wir auch ein Catering für Ihre Festveranstaltung.</p>
